{"id":37,"date":"2017-08-27T15:11:25","date_gmt":"2017-08-27T13:11:25","guid":{"rendered":"http:\/\/arbreauxpossibles.be\/?page_id=37"},"modified":"2025-10-07T19:10:03","modified_gmt":"2025-10-07T17:10:03","slug":"qui-sommes-nous","status":"publish","type":"page","link":"https:\/\/arbreauxpossibles.be\/index.php\/qui-sommes-nous\/","title":{"rendered":"Qui sommes-nous ?"},"content":{"rendered":"\n<p>L&rsquo;arbre aux possibles r\u00e9unit des professionnels aux identit\u00e9s diff\u00e9rentes de par leur formations, leurs exp\u00e9riences et le public auquel ils s&rsquo;adressent.<\/p>\n\n\n\n<p>Nous vous invitons \u00e0 prendre contact directement avec l&rsquo;un d&rsquo;entre nous en fonction de votre probl\u00e9matique. &nbsp;Nous n&rsquo;h\u00e9siterons pas \u00e0 vous rediriger vers un autre collaborateur si n\u00e9cessaire.<\/p>\n\n\n\n<h2 class=\"wp-block-heading\"><span style=\"color: #cc9e91;\">Composition de l&rsquo;\u00e9quipe :<\/span><\/h2>\n\n\n\n<h3 class=\"wp-block-heading\"><span style=\"color: #9cafbd;\">Annelise REITER<\/span><\/h3>\n\n\n\n<p>Psychologue<br>sp\u00e9cialis\u00e9e adolescents et jeunes adultes<br>Th\u00e9rapie familiale<br>Sophrologie<br>0479\/ 88 67 22<br><a href=\"http:\/\/annelisereiterpsy.be\/\" target=\"_blank\" rel=\"noopener noreferrer\">www.annelisereiterpsy.be<\/a><\/p>\n\n\n\n<div class=\"wp-block-group\"><div class=\"wp-block-group__inner-container is-layout-flow wp-block-group-is-layout-flow\">\n<div class=\"wp-block-group\"><div class=\"wp-block-group__inner-container is-layout-flow wp-block-group-is-layout-flow\">\n<p class=\"has-cyan-bluish-gray-color has-text-color\">Marine DELHAUSSE<\/p>\n\n\n\n<p>Psychologue (adolescents et adultes)<\/p>\n\n\n\n<div class=\"wp-block-group\"><div class=\"wp-block-group__inner-container is-layout-flow wp-block-group-is-layout-flow\">\n<p style=\"line-height:0\">Psychoth\u00e9rapeute syst\u00e9micienne<\/p>\n<\/div><\/div>\n<\/div><\/div>\n\n\n\n<p>Hypnose&nbsp;PTR<\/p>\n\n\n\n<p>Pr\u00e9vention et accompagnement burn-out parental<\/p>\n\n\n\n<p>Je propose des prises en charge en individuel, en&nbsp;couple ou en famille.<\/p>\n\n\n\n<p>0498\/28 63 14<\/p>\n<\/div><\/div>\n\n\n\n<h3 class=\"wp-block-heading\"><span style=\"color: #9cafbd;\">Isabelle CARTON<\/span><\/h3>\n\n\n\n<p>Psychologue reconnue comme psychologue de premi\u00e8re ligne<br>Consultations adultes <br>Difficult\u00e9s relationnelles, anxi\u00e9t\u00e9, burn-out, d\u00e9pression<br>0488\/369.316<\/p>\n\n\n\n<h3 class=\"wp-block-heading\"><span style=\"color: #9cafbd;\">Marie RENSON<\/span><\/h3>\n\n\n\n<p>Psychologue<br>Anxi\u00e9t\u00e9, d\u00e9pression, difficult\u00e9s relationnelles, estime de soi, burn out, d\u00e9pendances, troubles psychiatriques<br>0474\/ 45 85 03<\/p>\n\n\n\n<p><a href=\"https:\/\/marie-renson-psychologue.be\">https:\/\/marie-renson-psychologue.be<\/a><\/p>\n\n\n\n<h3 class=\"wp-block-heading\"><span style=\"color: #9cafbd;\">Georges DE BUNDEL<\/span><\/h3>\n\n\n\n<p>Psychologue clinicien conventionn\u00e9 adolescents et jeunes adultes<br>Malaises diffus, troubles anxio-d\u00e9pressifs, eco-anxi\u00e9t\u00e9, psycho-traumatismes, harc\u00e8lement scolaire, scarifications, pr\u00e9vention suicide<br>0494\/13 57 79<\/p>\n\n\n\n<p>debundel@gmail.com  <\/p>\n\n\n\n<p>linkendin.com\/in\/georgesdebundel<\/p>\n\n\n\n<h3 class=\"wp-block-heading\"><span style=\"color: #9cafbd;\">Ana\u00efs TOMAN<\/span><\/h3>\n\n\n\n<p>Psychologue, Psychoth\u00e9rapeute TCC<br>D\u00e9pendances, Troubles alimentaires, troubles anxieux, d\u00e9pressions.<br>0498\/15 93 66<\/p>\n\n\n\n<h3 class=\"wp-block-heading\"><span style=\"color: #9cafbd;\">Bruno COPPE<\/span><\/h3>\n\n\n\n<p>Psychologue et psychoth\u00e9rapeute adultes et adolescents <br>Th\u00e9rapie comportementaliste, hypnose, EMDR, coh\u00e9rence cardiaque<\/p>\n\n\n\n<p>Troubles anxieux, troubles d\u00e9pressifs, manque de  confiance en soi\/estime de soi, troubles du comportement, difficult\u00e9s li\u00e9es au travail, probl\u00e8mes de couple et\/ou relationnels<br>0497\/53 03 22<\/p>\n\n\n\n<p>b.coppe@outlook.be<\/p>\n\n\n\n<p><a href=\"https:\/\/www.brunocoppe-psychologue.be\/\">www.brunocoppe-psychologue.be<\/a><\/p>\n\n\n\n<h3 class=\"wp-block-heading\"><span style=\"color: #9cafbd;\">Valy MICHEL<\/span><\/h3>\n\n\n\n<p>Psychop\u00e9dagogue <br><\/p>\n\n\n\n<ul>\n<li><strong>Enfants \/ Adolescents\/Adultes<\/strong>&nbsp;: &nbsp;suivi&nbsp;th\u00e9rapeutique dans les troubles comportementaux (TDAH, anxi\u00e9t\u00e9, troubles de l\u2019attachement, harc\u00e8lement, violence).<\/li>\n\n\n\n<li><strong>Guidance parentale<\/strong>&nbsp;:accompagner les parents d\u2019enfants ou d\u2019adolescents pr\u00e9sentant un trouble attentionnel et\/ou une hyperactivit\u00e9 (TDAH), de l\u2019anxi\u00e9t\u00e9, un trouble de l\u2019attachement ou un trouble oppositionnel.<\/li>\n\n\n\n<li><strong>Adultes<\/strong>&nbsp;: estime de soi, difficult\u00e9s de couple, &nbsp;violence conjugale (identifier son agresseur, ne plus \u00eatre une cible, regagner l\u2019estime et la confiance en soi, se reconnecter avec son \u00ab moi \u00bb int\u00e9rieur, se reconstruire, se projeter)<\/li>\n<\/ul>\n\n\n\n<div class=\"wp-block-buttons is-layout-flex wp-block-buttons-is-layout-flex\">\n<div class=\"wp-block-button\"><a class=\"wp-block-button__link wp-element-button\" href=\"https:\/\/www.doctoranytime.be\/d\/psychotherapeute\/valy-michel\" target=\"_blank\" rel=\"noreferrer noopener\">Prise de rendez-vous en ligne<\/a><\/div>\n<\/div>\n\n\n\n<p><br>0486\/88 50 01<\/p>\n\n\n\n<p>valy.michel@hetresanschaine.com<\/p>\n","protected":false},"excerpt":{"rendered":"<p>L&rsquo;arbre aux possibles r\u00e9unit des professionnels aux identit\u00e9s diff\u00e9rentes de par leur formations, leurs exp\u00e9riences et le public auquel ils s&rsquo;adressent. Nous vous invitons \u00e0 prendre contact directement avec l&rsquo;un d&rsquo;entre nous en fonction de votre probl\u00e9matique. &nbsp;Nous n&rsquo;h\u00e9siterons pas \u00e0 vous rediriger vers un autre collaborateur si n\u00e9cessaire. Composition de l&rsquo;\u00e9quipe : Annelise REITER &hellip; <\/p>\n<p class=\"link-more\"><a href=\"https:\/\/arbreauxpossibles.be\/index.php\/qui-sommes-nous\/\" class=\"more-link\">Continuer la lecture<span class=\"screen-reader-text\"> de &laquo;&nbsp;Qui sommes-nous ?&nbsp;&raquo;<\/span><\/a><\/p>\n","protected":false},"author":1,"featured_media":0,"parent":0,"menu_order":0,"comment_status":"closed","ping_status":"closed","template":"","meta":{"footnotes":""},"_links":{"self":[{"href":"https:\/\/arbreauxpossibles.be\/index.php\/wp-json\/wp\/v2\/pages\/37"}],"collection":[{"href":"https:\/\/arbreauxpossibles.be\/index.php\/wp-json\/wp\/v2\/pages"}],"about":[{"href":"https:\/\/arbreauxpossibles.be\/index.php\/wp-json\/wp\/v2\/types\/page"}],"author":[{"embeddable":true,"href":"https:\/\/arbreauxpossibles.be\/index.php\/wp-json\/wp\/v2\/users\/1"}],"replies":[{"embeddable":true,"href":"https:\/\/arbreauxpossibles.be\/index.php\/wp-json\/wp\/v2\/comments?post=37"}],"version-history":[{"count":42,"href":"https:\/\/arbreauxpossibles.be\/index.php\/wp-json\/wp\/v2\/pages\/37\/revisions"}],"predecessor-version":[{"id":175,"href":"https:\/\/arbreauxpossibles.be\/index.php\/wp-json\/wp\/v2\/pages\/37\/revisions\/175"}],"wp:attachment":[{"href":"https:\/\/arbreauxpossibles.be\/index.php\/wp-json\/wp\/v2\/media?parent=37"}],"curies":[{"name":"wp","href":"https:\/\/api.w.org\/{rel}","templated":true}]}}